*v + 54*v + 4 + 39*v + 5*v**2. Calculate c(3).
31
Let j(z) = 2*z**2 + 35*z + 53. Suppose 0 = -4*b + 5*a - 79, -4*a = 9*b - 8*b + 4. Let p be j(b). Let g(k) = k + 4. Calculate g(p).
9
Let v(u) = 2*u**3 - u**2 - 2*u - 3. Let k(f) = -5*f - 52. Let j be k(-11). Suppose 261 = j*m + 267. Give v(m).
-19
Let r(v) = v**3 + 5*v**2 + 2*v - 5. Let q(f) = -4*f - 66. Let s be q(-17). Let a be (1/(-1 + s))/(22/(-88)). Give r(a).
3
Let x(w) = -w**3 - w**2 - 3*w - 13. Suppose -2168*q = -2185*q. What is x(q)?
-13
Let z(d) be the second derivative of -d**4/4 - 13*d**3/2 - 33*d**2 + 326*d - 6. Give z(-11).
0
Let n(d) be the first derivative of d**4/4 + 4*d**3/3 - 3*d**2 - 5*d + 552. Calculate n(-5).
0
Let s(r) = -154 - 151 - 5*r**2 + 16*r + 297 + 2*r**2. Calculate s(5).
-3
Let b(y) = y**3 - 11*y**2 + 9*y - 4. Suppose 259*h + 5*n = 258*h + 45, 0 = 4*n - 28. Determine b(h).
-14
Let w be -4 - (-39)/3 - 0. Let z(c) = 4*c + c - 4 + c**2 + 3*c - 19*c + 6. Calculate z(w).
-16
Let x(u) = -1296*u - 7771. Let q be x(-6). Let z(g) = 11*g - 13. What is z(q)?
42
Let f = -4 - -7. Let i(k) = -k + k**2 + k**f - 7*k**3 + 0*k**2. Suppose -110*v + s = -108*v + 2, -2*s + 3 = -5*v. Give i(v).
-6
Let o = 27328 - 27329. Let a(p) = -63*p - 15. Calculate a(o).
48
Let r(a) = -a**2 - 8*a + 24. Suppose 1028*b + 480 = 988*b. Determine r(b).
-24
Let k = -130 + 147. Suppose -6*v = -k*v - 33. Let c(r) be the first derivative of -r**2 - 2. Calculate c(v).
6
Let a(c) be the third derivative of -c**6/60 + c**5/30 + c**4/24 + c**3/3 + 4*c**2. Let n(r) = 11*r**2 + 139*r + 82. Let j be n(-12). Calculate a(j).
24
Let p(x) = 14*x**2 - x - 4. Let q(z) = -2*z**2 + 3*z + 1. Let y(a) = -p(a) + q(a). Give y(-1).
-15
Let r(l) = -219*l + 1747. Let c be r(8). Let o(x) = -x**3 - 4*x**2 + 7*x + 6. What is o(c)?
-4
Let u(t) = -t + 2. Suppose -405 + 51 = -6*b. Let z = b - 58. Let o be ((-2)/(-1))/(z*8/(-12)). Determine u(o).
5
Let k(j) = -j**3 - 2*j**2 + 4*j + 1. Suppose 4*s = 2*z - 90, 2*z - 6 = s + 24. Suppose -123 = 5*u + 2*x, 4*u - 5*x - 6 = -78. Let a = u - s. Calculate k(a).
-2
Let x(w) = -74*w - 216. Let o be x(-3). Let k(q) = 9*q - 13. Give k(o).
41
Let d(w) = 14757*w**2 - 29503*w**2 + 4 + 1 + 14745*w**2 + 5*w. Let y = 13 + -8. Let l = 10 - y. What is d(l)?
5
Let f(q) be the first derivative of -54 - 4*q + 1/2*q**2. Suppose -5*k + 4*u = -0*u - 12, 6 = 2*k - u. What is f(k)?
0
Let z = -11 - -6. Let g(c) = -c**3 - 24*c**2 - c - 2. Let i(q) = -4*q**2 - q. Let y(l) = g(l) - 5*i(l). Give y(z).
3
Let j(h) = 52*h - 2 + 49*h - 152*h + 55*h + h**2. Let r be j(-5). Let z(y) = 2*y**2 + y + 6. Determine z(r).
27
Let t(z) = -z**3 - 18*z**2 - 17*z + 4. Suppose 5*b + 2*o - 75 - 255 = 0, -5*b - 3*o + 325 = 0. Let s be 15/12*b/10*-2. Give t(s).
4
Let q(u) = -u**3 + 22*u**2 + 20*u + 65. Let i be 1/(-3) + (-1675)/(-201) + 30/2. Calculate q(i).
-4
Let x(j) = -j. Let s = -57 + 62. Suppose -4*g = 3*v + 7, s*g + 8 = -3*v - 3. What is x(g)?
4
Let c(i) = -i**3 + 5*i**2 + 3*i - 2. Let s(r) = -2*r**2 + 30*r - 18. Let o be s(15). Let b = o + 23. Suppose b*n - a = 30, 0*n + 5*a = 3*n - 40. Give c(n).
13
Let n = -31293 + 31300. Let t(c) = 2 + 1 + 1 - 2 - 3*c. Calculate t(n).
-19
Let c(p) = 7*p**2 - 322*p - 15. Let m be (-62)/(-22) + -3 + 88900/1925. Give c(m).
-15
Let j(x) = -x**3 - 11*x**2 - 1. Let n(l) = 7*l**3 + 74*l**2 - 24*l - 30. Let g(p) = 6*j(p) + n(p). What is g(-10)?
4
Let m(g) = 29*g**2 - 11. Let k(b) = 24*b**2 - 9. Let d(q) = -6*k(q) + 5*m(q). Let i = -5 - -7. Give d(i).
3
Let t(c) = -5*c**3 - c**3 + 12*c**3 - 17*c**2 - c**3 - 32*c - 25 - 6*c**3. Calculate t(-15).
5
Let p(g) = -g**2 + 12. Suppose 2 = -39*f + 158. Let n be (16 - 9) + f/(-2). What is p(n)?
-13
Let v = 123 - 112. Suppose -v*l - 28 = -14*l + 4*i, 5*l - 4 = -4*i. Let q(w) = -2*w - 3. Give q(l).
-11
Suppose 8*c - 6*c + 26 = 0. Let h(v) = v**2 + 14*v + 15. Let s be h(c). Suppose -5*d - s*d = -0*d. Let x(i) = i**3 + i**2 - 8. Give x(d).
-8
Let f(z) = -19*z - 224. Let y be ((14/(-105))/(6/(-72)))/((-2)/15). Calculate f(y).
4
Suppose 5*q - k + 6 = -18, 26 = -5*q - k. Let f(b) = 2*b**2 - 4*b**2 + 57*b - 46*b - 7 - 16*b + b**2. What is f(q)?
-7
Let v = -11 - -7. Let h(g) be the first derivative of 2*g**3/3 + 3*g**2 + 4*g + 65985. Give h(v).
12
Let y(k) be the first derivative of -5*k**4/24 - 5*k**3/6 - 20*k**2 + k - 77. Let r(z) be the second derivative of y(z). Give r(-5).
20
Let d(v) = -5*v - 139. Let m = 1759 + -1790. Calculate d(m).
16
Let z(b) = b**2 - 8*b. Let o(l) = 71*l**2 + 4*l. Let a be o(1). Suppose 40 - a = -5*r. What is z(r)?
-7
Suppose f = 2*f + 5*s, -5*s = -10. Let u be (-22)/(-10) + f/50. Let h(g) = 6*g - g**3 - 12 - 7*g**u - 2 - 3*g**2 + 4*g. What is h(-11)?
-3
Let a(d) = d - 7. Suppose -3*k = -20*k + 34. Suppose 3*s - k*b - 21 = -5*b, -b - 37 = -3*s. What is a(s)?
4
Let b(v) be the third derivative of -13*v**4/24 - 3058*v**2. Give b(-7).
91
Let v(j) = -16*j + 8. Let l(i) = 6*i - 3. Let w(a) = a**2 - 8. Let r be w(-5). Let b(z) = r*l(z) + 6*v(z). Suppose -3*m = 5*m - 24. What is b(m)?
15
Let t(f) = f**2 - 3*f - 2. Let v(i) = 8*i**2 - 13*i - 8. Let g(a) = 17*t(a) - 4*v(a). What is g(2)?
-60
Let s = -1943 - -1938. Let b(g) be the first derivative of -4*g + 1 - 2*g**2 + 3*g**2 + 0*g**2. Determine b(s).
-14
Let s(g) = 13*g**2 + 6. Let u(t) = -7*t**2 - t + 1. Let y(h) = s(h) + 2*u(h). Calculate y(4).
-16
Let t(q) = -8*q - 2. Let u(k) be the third derivative of 7*k**4/4 + 5*k**3/3 - 39*k**2. Let c(a) = -11*t(a) - 2*u(a). What is c(-1)?
-2
Let c be 6*(2/(-6) - -1)/((-4)/4). Let g(t) = -4*t**2 - t + 8. Determine g(c).
-52
Let a(n) = 4*n**3 - 3*n**2 + n - 1. Let c(h) = -h**3 + 44*h**2 - 88*h + 171. Let s be c(42). Calculate a(s).
83
Suppose -137*n = -143 + 6. Let g(v) = -v**2 - 5*v + 4. What is g(n)?
-2
Let q = 162 + -159. Let a(k) = q*k + 5*k - 11 - 2*k + k**2 + 12. Calculate a(-7).
8
Let f be (-1 - 0)/((-12)/8 + 1). Let a(r) = -f*r + 6 + 7*r + 2 - 3*r. What is a(-3)?
2
Let i(m) = 5*m**2 + 5*m - 1. Let h(c) = c**2 - c. Let d(u) = -4*h(u) + i(u). Suppose 4 + 8 = -3*r. Determine d(r).
-21
Let t(c) be the first derivative of 55*c**2/2 + 12*c + 3170. Calculate t(-3).
-153
Let h(j) be the third derivative of -j**6/720 + 11*j**4/12 + j**2 - j. Let i(u) be the second derivative of h(u). Give i(-6).
6
Let n(a) = -3 - 129*a - 133*a - 124*a + 6*a**2 + 525*a + a**3 - 133*a. Determine n(-3).
6
Let u(s) be the third derivative of s**6/120 - s**5/10 + 7*s**4/24 + 11*s**3/6 - 3*s**2. Let p be u(4). Let o = 2 - p. Let f(j) = -5*j - 7. Calculate f(o).
18
Suppose 3*k = -557 + 122. Let q = -102 - k. Let l(u) = -u + 2*u**2 - 3*u**2 + 0*u**2 + 14 - q. Determine l(0).
-29
Let o(d) = -1377*d**2 - 13*d + 32 - 1393*d**2 + 2772*d**2 - 17*d. Determine o(14).
4
Let b be 14/16 + -1 - 1088/(-512). Suppose -16*j = b*j - 144. Let k(t) = -t + 1. Let o(w) = -5*w + 4. Let x(q) = -6*k(q) + o(q). Calculate x(j).
6
Let c be (-184)/(-28)*(-7)/(-2). Let y(o) = 3*o - 80. Calculate y(c).
-11
Let j = -31471 + 31466. Let t(d) = 7*d + 67. What is t(j)?
32
Let b(n) = -n**3 - 3. Let o = 38 + -32. Suppose 5*w - 15 = 0, 5*w = -o*u + 3*u + 27. Let j = 4 - u. Calculate b(j).
-3
Let q(g) be the first derivative of -g**2/2 - g + 2. Let h = -50 - -47. Let t be h - ((-7 - -5) + 2). Give q(t).
2
Suppose o = 4*o - 12. Let x(l) be the third derivative of -1/3*l**3 + 11 - l**2 - 1/12*l**4 + 0*l. Calculate x(o).
-10
Let d(x) = 116*x - 183. Let v be d(7). Let f(n) = v*n + 616*n - 1256*n + n**2. What is f(10)?
-10
Let k(s) = -6*s**2 + 2*s + 1. Suppose 6*c - 482 = 1126. Suppose 3*u - 94 = 2*u - 3*d, -2*d = 3*u - c. Suppose u = -2*m + 86. What is k(m)?
-7
Let z(r) = -4*r**3 + r**2 - 3*r - 3. Suppose 17 = -3*a - v, 30*v = 2*a + 28*v - 10. Give z(a).
123
Let a be (-7)/(14/8) - -3. Suppose -13 = f + v, 5*f + v + 14 + 47 = 0. Let q(t) = -18*t. Let x(p) = p. Let h(b) = a*q(b) + f*x(b). Give h(2).
12
Suppose -s + 4998 - 4930 = 5*v, -5*s + 2*v = -16. Let d(u) be the second derivative of u**3/6 - 2*u**2 + u. Give d(s).
4
Let f(u) = 21*u - 11. Suppose -18*s + 21*s + 35*s = -228. What is f(s)?
-137
Let k(y) = -3*y**3 - 10*y**2 - 8*y + 1. Let j be k(-3). Let t be 2/j + (-8)/(640/410). Let r(q) = q**2 + 7*q - 2. Determine r(t).
-12
Suppose 4*g + 43 = y + 101, -5*g + 4*y = -78. Let l(j) = -2*j**2 + 25*j + 35. Calculate l(g).
-7
Le